{"id":392,"date":"2023-09-21T23:21:04","date_gmt":"2023-09-22T02:21:04","guid":{"rendered":"http:\/\/protecaodacabeca.com.br\/\/?post_type=product&#038;p=392"},"modified":"2026-01-07T10:40:18","modified_gmt":"2026-01-07T13:40:18","slug":"bone-com-casquete-dumper-azul-marinho","status":"publish","type":"product","link":"https:\/\/protecaodacabeca.com.br\/index.php\/produto\/bone-com-casquete-dumper-azul-marinho\/","title":{"rendered":"BON\u00c9 COM CASQUETE &#8211; DUMPER &#8211; AZUL MARINHO"},"content":{"rendered":"<p>O design do bon\u00e9 e do casquete BIOPROT atende a norma de ensaio nos quesitos resist\u00eancia a impactos leves. O DUMPER GOLD foi desenvolvido para uso conjugado com o Abafador de Ru\u00eddos.<\/p>\n<p><strong>TECIDO<\/strong><\/p>\n<p>Tecido em Microfibra de alta gramatura. \u00d3timo aspecto, maior durabilidade e alta resist\u00eancia aos agentes abrasivos dos processos industriais e as constantes lavagens.<\/p>\n<p><strong>ABA<\/strong><\/p>\n<p>5 cm<\/p>\n<p><strong>REFLETIVO<\/strong><\/p>\n<p>Aplicado na C\u00fapula e na Aba do Bon\u00e9. Atende padr\u00f5es de reflet\u00e2ncia.<\/p>\n<p><strong>COR DO TECIDO<\/strong><\/p>\n<p>Azul Marinho<\/p>\n<p><strong>RECORTE LATERAL<\/strong><\/p>\n<p>Modelagem com recorte lateral para perfeito encaixe da concha do abafador de ru\u00eddos.<\/p>\n<p><strong>CASQUETE GOLD<\/strong><\/p>\n<p>Remov\u00edvel, Injetado em ABS, pol\u00edmero de alto desempenho e resist\u00eancia. Maior prote\u00e7\u00e3o ao trabalhador contra riscos de escoria\u00e7\u00f5es e agentes abrasivos na cabe\u00e7a, provocadas por impactos e rasp\u00f5es em estruturas e equipamentos.<\/p>\n<p><strong>ESPUMA GOLD<\/strong><\/p>\n<p>A espuma de conforto com relevos que impede que o casquete fique rente a cabe\u00e7a. O layout em &#8220;gomos&#8221; foi desenhado para promover a troca de calor interno. A espuma \u00e9 fixada no casquete atrav\u00e9s de garras.<\/p>\n<p><strong>AJUSTE<\/strong><\/p>\n<p>Em tira tensora e fecho injetado em Nylon. Acoplagem r\u00e1pida, fixa\u00e7\u00e3o e estabilidade do bon\u00e9 na cabe\u00e7a.<\/p>\n<p><strong>DRY CONFORT<\/strong><\/p>\n<p>Absorve o suor e impede que a umidade fique em contato com a pele do usu\u00e1rio.<\/p>\n<p><strong>CA: 38.352 <\/strong><\/p>\n<p><strong>NORMAS APLIC\u00c1VEIS EN 812 e NBR 11.611<\/strong><\/p>\n<p><strong>RAMOS DE ATIVIDADES<\/strong><\/p>\n<p>Segmentos de atividades que possuam ru\u00eddo em alta intensidade como por exemplo: Companhias a\u00e9reas; automotivo (montadora e autope\u00e7as); metal mec\u00e2nicas; agro aliment\u00edcio, Ind\u00fastria de bebidas, gr\u00e1ficas, industrias de embalagens e etc<\/p>\n<p><strong>EXEMPLOS DE \u00daTILIZA\u00c7\u00c3O<\/strong><\/p>\n<p>\u2022 Acesso a espa\u00e7os restritos e em diferen\u00e7as de n\u00edveis como partes internas de m\u00e1quinas e equipamentos, sob esteiras etc;<\/p>\n<p>\u2022 Locais onde existam objetos ou equipamentos suspensos, estruturas de m\u00e1quinas, gancheiras e outros componentes;<\/p>\n<p>\u2022 Escadas onde h\u00e1 diferentes n\u00edveis com possibilidade de impactos leves na cabe\u00e7a;<\/p>\n<p>\u2022 Acessos e passagens estreitas de diferentes alturas;<\/p>\n<p>\u2022 Tipicamente utilizado em ambientes de trabalho onde o usu\u00e1rio est\u00e1 em contato com ferramentas e m\u00e1quinas est\u00e1ticas e corre o risco de ter impactos laterais na cabe\u00e7a.<\/p>\n","protected":false},"excerpt":{"rendered":"<p>O design do bon\u00e9 e do casquete BIOPROT atende a norma de ensaio nos quesitos resist\u00eancia a impactos leves. O DUMPER GOLD foi desenvolvido para uso conjugado com o Abafador de Ru\u00eddos.<\/p>\n","protected":false},"featured_media":422,"comment_status":"open","ping_status":"closed","template":"","meta":[],"product_brand":[],"product_cat":[29],"product_tag":[],"class_list":{"0":"post-392","1":"product","2":"type-product","3":"status-publish","4":"has-post-thumbnail","6":"product_cat-bones-com-casquete","8":"first","9":"instock","10":"shipping-taxable","11":"purchasable","12":"product-type-simple"},"_links":{"self":[{"href":"https:\/\/protecaodacabeca.com.br\/index.php\/wp-json\/wp\/v2\/product\/392","targetHints":{"allow":["GET"]}}],"collection":[{"href":"https:\/\/protecaodacabeca.com.br\/index.php\/wp-json\/wp\/v2\/product"}],"about":[{"href":"https:\/\/protecaodacabeca.com.br\/index.php\/wp-json\/wp\/v2\/types\/product"}],"replies":[{"embeddable":true,"href":"https:\/\/protecaodacabeca.com.br\/index.php\/wp-json\/wp\/v2\/comments?post=392"}],"wp:featuredmedia":[{"embeddable":true,"href":"https:\/\/protecaodacabeca.com.br\/index.php\/wp-json\/wp\/v2\/media\/422"}],"wp:attachment":[{"href":"https:\/\/protecaodacabeca.com.br\/index.php\/wp-json\/wp\/v2\/media?parent=392"}],"wp:term":[{"taxonomy":"product_brand","embeddable":true,"href":"https:\/\/protecaodacabeca.com.br\/index.php\/wp-json\/wp\/v2\/product_brand?post=392"},{"taxonomy":"product_cat","embeddable":true,"href":"https:\/\/protecaodacabeca.com.br\/index.php\/wp-json\/wp\/v2\/product_cat?post=392"},{"taxonomy":"product_tag","embeddable":true,"href":"https:\/\/protecaodacabeca.com.br\/index.php\/wp-json\/wp\/v2\/product_tag?post=392"}],"curies":[{"name":"wp","href":"https:\/\/api.w.org\/{rel}","templated":true}]}}