{"id":386,"date":"2023-09-21T23:21:03","date_gmt":"2023-09-22T02:21:03","guid":{"rendered":"http:\/\/protecaodacabeca.com.br\/\/?post_type=product&#038;p=386"},"modified":"2026-01-14T14:13:02","modified_gmt":"2026-01-14T17:13:02","slug":"chapeu-com-casquete-pala-nuca-e-pescoco","status":"publish","type":"product","link":"https:\/\/protecaodacabeca.com.br\/index.php\/produto\/chapeu-com-casquete-pala-nuca-e-pescoco\/","title":{"rendered":"CHAP\u00c9U COM CASQUETE &#8211; PALA NUCA E PESCO\u00c7O"},"content":{"rendered":"<p>O modelo CHAP\u00c9U da BIOPROT \u00e9 perfeito para proteger a cabe\u00e7a e pesco\u00e7o contra raios solares e ao mesmo tempo contra prov\u00e1veis impactos do processo.<\/p>\n<p><strong>TECIDO<\/strong><\/p>\n<p>Tecido em Brim Profissional de alta gramatura e Pala em tecido Dry, ambos com prote\u00e7\u00e3o UV. Apresentam \u00f3timo aspecto, maior durabilidade e alta resist\u00eancia aos agentes abrasivos dos processos industriais e as constantes lavagens.<\/p>\n<p><strong>TELA<\/strong><\/p>\n<p>Na c\u00fapula do Chap\u00e9u possui tela lateral para proporcionar maior conforto t\u00e9rmico ao usu\u00e1rio.<\/p>\n<p><strong>PROTE\u00c7\u00c3O UV<\/strong><\/p>\n<p>Possui certificado de qualidade e laudo que indicam sua a\u00e7\u00e3o protetora contra radia\u00e7\u00e3o UV.<\/p>\n<p><strong>PALA<\/strong><\/p>\n<p>Pala Legion\u00e1ria no tecido: microfibra, com prote\u00e7\u00e3o da nuca e pesco\u00e7o com fechamento frontal em Velcro.<\/p>\n<p><strong>CASQUETE GOLD<\/strong><\/p>\n<p>Remov\u00edvel, Injetado em ABS, pol\u00edmero de alto desempenho e resist\u00eancia. Maior prote\u00e7\u00e3o ao trabalhador contra riscos de escoria\u00e7\u00f5es e agentes abrasivos na cabe\u00e7a, provocadas por impactos e rasp\u00f5es em estruturas e equipamentos.<\/p>\n<p><strong>ESPUMA GOLD<\/strong><\/p>\n<p>A espuma de conforto com relevos que impede que o casquete fique rente a cabe\u00e7a. O layout em &#8220;gomos&#8221; foi desenhado para promover a troca de calor interno. A espuma \u00e9 fixada no casquete atrav\u00e9s de garras.<\/p>\n<p><strong>AJUSTE<\/strong><\/p>\n<p>Cord\u00e3o jugular confeccionado com fios 100% poli\u00e9ster.<\/p>\n<p><strong>DRY CONFORT<\/strong><\/p>\n<p>Absorve o suor e impede que a umidade fique em contato com a pele do usu\u00e1rio.<\/p>\n<p><strong>CA: 38.352 <\/strong><\/p>\n<p><strong>NORMAS APLIC\u00c1VEIS EN 812 e NBR 11.611 <\/strong><\/p>\n<p><strong>RAMOS DE ATIVIDADES<\/strong><\/p>\n<p>Montadoras, atividades florestais, servi\u00e7os de manuten\u00e7\u00e3o em ferrovias e auto pistas. Agro-industrias e etc<\/p>\n<p><strong>EXEMPLOS DE \u00daTILIZA\u00c7\u00c3O<\/strong><\/p>\n<p>\u2022 Prote\u00e7\u00e3o solar e prote\u00e7\u00e3o contra escoria\u00e7\u00f5es em atividades desenvolvidas em campo;<\/p>\n<p>\u2022 Prote\u00e7\u00e3o contra intemp\u00e9ries;<\/p>\n<p>\u2022 Processos em \u00e1reas agr\u00edcolas;<\/p>\n<p>\u2022 Atividades em manuten\u00e7\u00e3o de ferrovias e vias;<\/p>\n<p>\u2022 Processos de campo de atividades florestais e etc.<\/p>\n","protected":false},"excerpt":{"rendered":"<p>O modelo CHAP\u00c9U da BIOPROT \u00e9 perfeito para proteger a cabe\u00e7a e pesco\u00e7o contra raios solares e ao mesmo tempo contra prov\u00e1veis impactos do processo.<\/p>\n","protected":false},"featured_media":404,"comment_status":"open","ping_status":"closed","template":"","meta":[],"product_brand":[],"product_cat":[30],"product_tag":[],"class_list":{"0":"post-386","1":"product","2":"type-product","3":"status-publish","4":"has-post-thumbnail","6":"product_cat-chapeus-com-casquete","8":"first","9":"instock","10":"featured","11":"shipping-taxable","12":"purchasable","13":"product-type-simple"},"_links":{"self":[{"href":"https:\/\/protecaodacabeca.com.br\/index.php\/wp-json\/wp\/v2\/product\/386","targetHints":{"allow":["GET"]}}],"collection":[{"href":"https:\/\/protecaodacabeca.com.br\/index.php\/wp-json\/wp\/v2\/product"}],"about":[{"href":"https:\/\/protecaodacabeca.com.br\/index.php\/wp-json\/wp\/v2\/types\/product"}],"replies":[{"embeddable":true,"href":"https:\/\/protecaodacabeca.com.br\/index.php\/wp-json\/wp\/v2\/comments?post=386"}],"wp:featuredmedia":[{"embeddable":true,"href":"https:\/\/protecaodacabeca.com.br\/index.php\/wp-json\/wp\/v2\/media\/404"}],"wp:attachment":[{"href":"https:\/\/protecaodacabeca.com.br\/index.php\/wp-json\/wp\/v2\/media?parent=386"}],"wp:term":[{"taxonomy":"product_brand","embeddable":true,"href":"https:\/\/protecaodacabeca.com.br\/index.php\/wp-json\/wp\/v2\/product_brand?post=386"},{"taxonomy":"product_cat","embeddable":true,"href":"https:\/\/protecaodacabeca.com.br\/index.php\/wp-json\/wp\/v2\/product_cat?post=386"},{"taxonomy":"product_tag","embeddable":true,"href":"https:\/\/protecaodacabeca.com.br\/index.php\/wp-json\/wp\/v2\/product_tag?post=386"}],"curies":[{"name":"wp","href":"https:\/\/api.w.org\/{rel}","templated":true}]}}